00 + l. Is r a prime number?
False
Let k = 60330 - 26437. Is k a prime number?
True
Suppose -2*f + 3 = 7. Let d(r) = -19*r + 3 + 4 - 8. Is d(f) composite?
False
Let r = 5 - -348. Is r/(-3)*1*-3 composite?
False
Let n = -30 - -34. Suppose -a - 3*u = -301, u - 6*u + 1204 = n*a. Is a composite?
True
Suppose 183728 = 6*x + 10*x. Is x prime?
True
Is 10*(-1)/4*-3622 composite?
True
Let l(p) = 3*p - 13. Let b be l(5). Suppose 15 = 5*w - b*w. Suppose 5*c - 5313 = -d - 3*d, 0 = w*c + 2*d - 5309. Is c composite?
False
Let v(a) = 113*a**3 - 19*a**2 + 50*a - 13. Is v(6) composite?
True
Let a = 102 + 43. Suppose 227 = 4*b - a. Suppose -2*x + b = x. Is x a composite number?
False
Let c = -17 + 20. Suppose c = w - 0*w. Is -10*(-55 + 3) - w a composite number?
True
Let g(j) = 19 - 12*j - 7 + 2 - 7 + 10*j**2. Is g(-7) composite?
True
Suppose 36726 = 18*v - 651792. Is v composite?
True
Let f(c) = c**2 + 9*c + 7. Let b be f(-8). Is b - (3 - (-3 - -116)) a prime number?
True
Suppose d = 2*d - 4. Is 5*14 - (d + -8) a prime number?
False
Let f(g) = 2*g**2 + 3*g. Let y be (-160)/90 - (-2)/(-9). Let b be f(y). Suppose -5*q = 4*j - 83 - 180, 2*j - 104 = -b*q. Is q composite?
True
Let j(l) = -l**3 + 13*l**2 - 8*l - 14. Let b be j(11). Suppose z + 1 = 2*z, -n + 2*z = 11. Let h = n + b. Is h prime?
True
Suppose 0 = 3*l - h - 5, 0*h - 4*h + 13 = -l. Is l/(-1) + (578 - 10) a prime number?
False
Suppose -20*x = -22*x + 5*t + 201, 4*x - 4*t = 432. Is x prime?
True
Let u = -7 - -13. Let p(j) = -j**2 - 8*j. Let g be p(-6). Is u/4 + 1734/g a prime number?
False
Suppose -4*k + 5584 = 1204. Let g = k + 266. Is g composite?
False
Suppose 0 = 2*p + 2*p - 4*y - 28, 0 = -5*y - 15. Suppose 4*s = 5*o - 7859, p*s - s + 6287 = 4*o. Let u = o - 1069. Is u prime?
False
Let u be (-8)/(-1)*18/24. Let c(y) = 32*y - 7. Is c(u) a composite number?
True
Let l(r) = -44*r**2 + 7*r + 1. Let g(s) = 131*s**2 - 22*s - 1. Let t(k) = -2*g(k) - 7*l(k). Is t(6) prime?
True
Suppose -710 = -5*k + 2*z, 3*k = 2*z + 127 + 299. Suppose -k + 1804 = 3*f. Is f a prime number?
False
Suppose -23*l - 54491 + 227382 = 0. Is l a prime number?
True
Suppose 4*c + 27897 = 5*w, -w = -2*w - 4*c + 5589. Is w composite?
False
Suppose -22*n = -13379 - 7235. Is n a prime number?
True
Let b(s) = 9*s**2 - 4*s + 4. Let j be b(2). Is ((-48)/j)/(6/(-764)) a prime number?
True
Suppose -4*v - 12 = 0, -195 = -6*g + 3*g - 5*v. Suppose 69*a - g*a = -2051. Is a composite?
True
Let s(x) = -x**3 + 7*x**2 - 6*x + 12. Let i be s(6). Is 62*5 - (i/2 + -3) composite?
False
Suppose z + 3*s - 278 = 0, s - 2*s = -3*z + 884. Is z composite?
False
Suppose 3*a = -4*p + 70051, 0 = -11*a + 15*a - p - 93433. Is a prime?
True
Suppose -3*q - 630 = 3*r - 6*r, -3*r - 4*q + 623 = 0. Is r composite?
True
Let d = -6223 + 8985. Suppose a - 304 + 3758 = 5*x, -2*a - d = -4*x. Is x a composite number?
False
Suppose -10*n = -14*n + 24. Let t(f) = -28*f - 9. Let v be t(n). Let p = -28 - v. Is p prime?
True
Let v be (-2 + -1 - -4) + 1. Suppose 4 = -3*h + v*h. Is 348/(-15)*10/h composite?
True
Let a(k) = -k**3 - k**2 - 4*k + 8925. Let p be a(0). Suppose -5*w + 9*t - 4*t + p = 0, 3*w = 2*t + 5353. Is w prime?
True
Let w(h) be the second derivative of 7*h**5/120 + 5*h**4/12 + 2*h**3/3 - h. Let t(v) be the second derivative of w(v). Is t(7) a prime number?
True
Let y be 2 + -65 + 0/1 + 3. Is 3*(-8)/y - 3339/(-15) composite?
False
Let i(f) = 4*f**2 - f + 1. Suppose 0*n + n - 1 = 0. Let r be i(n). Suppose -4*l - 158 = x - 733, 0 = 3*l + r*x - 441. Is l prime?
False
Let x = 632 + 21. Is x composite?
False
Let t = 6011 + -574. Is t a prime number?
True
Suppose 2454 = 3*y - 540. Suppose -2*d = -4*d + y. Is d prime?
True
Let f = -4429 + 7518. Is f composite?
False
Is 15951*-7*(-9)/189 composite?
True
Let c(j) = -3*j**3 - 38*j**2 + 21*j - 49. Is c(-24) composite?
False
Let w = 1704 + -365. Suppose 5*u - w = 3*s + 3258, 2*s - 2743 = -3*u. Is u a prime number?
False
Suppose -b + 3*s + 659 = 0, -5*b + 5*s = -2*b - 1981. Suppose -v = v - b. Is v a prime number?
True
Let q be 0 + 5 + 1 + -3. Suppose -3*d + q = -12. Suppose -128 = -d*k + 27. Is k a composite number?
False
Let m be 72/20 + (-4)/(-10). Is 2 - 5*(-13 - m) composite?
True
Let r = 220 + -48. Suppose 3*i + 2*a - r = -3*a, 0 = i - 5*a - 64. Suppose -2*x - v = -191, -23 = -x - 5*v + i. Is x composite?
False
Suppose a - 4263 = 2*x + 4010, -3*a - 3*x = -24774. Is a a composite number?
False
Let p = 89 + -59. Let o be 2/5 + 1278/p. Let v = o - 10. Is v a prime number?
False
Is (6258942/1197)/(2 + 24/(-14)) a composite number?
False
Let t(q) be the first derivative of q**4/4 + q**3/3 + 5*q**2 - 13*q - 7. Is t(6) a prime number?
False
Let t(b) = 14*b**2 - 7*b - 5. Let i = 122 - 176. Let y be i/10 + (-12)/20. Is t(y) a prime number?
True
Suppose -22117 = -12*i + 91943. Is i composite?
True
Suppose 2*n - 1307 = -5*x + 405, 2546 = 3*n + 2*x. Suppose 3*p - n = -5*t, -t - 577 = -3*p + p. Is p composite?
True
Suppose 36*h - 37*h = -163. Suppose -h = -5*p + 552. Is p prime?
False
Let y(w) = -419*w. Let l(g) = g + 16. Let p be l(-17). Is y(p) prime?
True
Let r(z) = 9872*z**2 - 18*z + 17. Is r(1) a composite number?
False
Is ((-550730)/(-6))/((-69)/(-207)) composite?
True
Let l be ((-2)/(-6))/((-1)/(-48)). Suppose c - l = -3*c. Suppose 0 = y + 4*r - 58 - 83, -c*r = 5*y - 673. Is y prime?
False
Let s(u) = u**3 - 17*u**2 + 13*u - 7. Let o be s(13). Let n = o - -893. Is n a composite number?
False
Is 10/55 - (-2 - (-35966)/(-22)) prime?
True
Suppose 0 = 4*m - 6*m + 12. Is 952 + 1 - 5/((-15)/m) composite?
True
Let j(m) = 108*m**2 - 3*m + 9. Let d(w) = 36*w**2 - w + 3. Let q(c) = -11*d(c) + 4*j(c). Is q(-2) prime?
True
Let v(n) = n**3 - 8*n**2 + 9*n + 6. Let z be v(7). Suppose 7*q - 12*q + z = 0. Suppose 2*p + 364 = 4*l, -3*l - 2*l + 461 = -q*p. Is l composite?
False
Let i be -2 - (-765)/((-15)/5). Let j = 798 + i. Is j a composite number?
False
Let a = -18 + 29. Suppose 6*l - a*l + 745 = 0. Is l composite?
False
Let q(g) = 24*g**2 - 3*g + 12. Suppose 4*d + 4*k + 108 = 0, -2*k + 147 = -5*d - 3*k. Let i = d + 35. Is q(i) composite?
True
Let z = -13 - -17. Let n = z + -1. Suppose 4*c - n*c = 15. Is c composite?
True
Let w = 44 - 21. Let d be 0*(-1)/4 + -10. Let t = d + w. Is t a prime number?
True
Suppose 0 = 109*d - 72*d - 9863719. Is d composite?
False
Suppose -30*g + 39688 = 2*y - 27*g, -2*g + 59537 = 3*y. Is y composite?
True
Is (-23228)/6*6/(-4) composite?
False
Let g(o) = o + 5. Let h be g(-3). Is -15 + 4565 - (h - -1) prime?
True
Is (3 - (-6 - -8)) + 612 composite?
False
Let k(b) = 26*b**2 + 5*b - 2. Let w = 20 - 17. Is k(w) a prime number?
False
Let f = 19 - 33. Let i be f/49 + 229/(-7). Let d = i + 66. Is d a prime number?
False
Let y(z) = 10*z - 26. Let b be y(3). Suppose -2*a + 2141 = b*t - 29, t - 4347 = -4*a. Is a a composite number?
False
Let v(l) = 862*l. Let t be v(1). Let s = 1282 - t. Suppose 4*k = s - 72. Is k composite?
True
Let h be (-1 - 1)/(6/(-12)). Suppose 0 = h*j - 7*j. Is (-1 - j)*222/(-3) prime?
False
Suppose -k - 28 = -4*i + 3*k, -k = -5*i + 15. Suppose 0 = -i*a + 2*m + 4, 5*a - 3*m = -2*m + 14. Suppose 4*y - 218 = -2*g, 0 = 2*y + a*y + 10. Is g composite?
False
Suppose -93660 = d - 7*d. Suppose 0 = -6*h + 16*h - d. Is h a prime number?
False
Let a(x) = -x**3 + 16*x**2 - 4*x - 20. Suppose -23*t + 16*t = -105. Is a(t) composite?
True
Suppose -36*d + 33*d = -9, 3*d + 118486 = 5*x. Is x a composite number?
True
Let d(m) = -6*m - 4. Let q = -5 - -10. Suppose 2*b - q = 3*b. Is d(b) a prime number?
False
Let i(u) = -u**2 + 7*u - 2. Let q be i(7). Let w be ((-1)/2*0)/q. Suppose -v + 391 - 50 = w. Is v a composite number?
True
Let k be 2*-1 + (-60)/(-5). Suppose -2*a - 3*a = -k. Suppose -a*f - 185 = -3*f. Is f composite?
True
Let x = 49 + -46. Suppose 3*j - g - 1584 = 0, -2*j - 532 = -x*j - g. Is j a composite number?
True
Let d(s) = 2*s - 18. Let m be d(12). Suppose 4*j + 16 = -2*l, -4*l - 3*j - m = 6. Suppose -2*g - 31 = -c - 3*g, l = 2*c - 4*g - 86. Is c a prime number?
False
Let w = 299480 + -189403. Is w composite?
True
Let j(f) = 3*f**3 + 2*f**2 - 5*f + 3. Let v be j(3). Suppose -4*g - 57 = -h + 24, g = h - v. Is h a prime number?
True
Suppose s + 2 = 2*c, c = 5*s - 0*c + 1. Let z be (-2 - -7)/(s - -1). Is 3675/z -